. Let a(w) = w**3 - w**2 - 3*w + 2. Calculate a(i).
0
Let k(b) = -99*b - 61. Let u(a) = -84*a - 59. Let z(j) = 6*k(j) - 7*u(j). What is z(7)?
5
Let w(f) be the second derivative of f**3/2 - f**2/2 - 2*f. Let l(i) = i**3 - 3*i**2 + 14*i - 56. Let h be l(4). Suppose h*y - 5 = 27. Calculate w(y).
5
Let z(r) = -254*r + 91. Let o(y) = -204*y + 93. Let b(k) = -5*o(k) + 4*z(k). Give b(14).
-45
Suppose -2331*l = -2*t - 2336*l - 21, -20 = 4*l. Let u(n) be the first derivative of -1/3*n**3 + 44 + 2*n + t*n**2. Give u(3).
5
Let m = -18 + 42. Suppose -m + 8 = -4*y. Suppose 0 = -y*u + 9 + 11. Let f(c) = 2*c + 1. Determine f(u).
11
Let p(n) be the second derivative of 4*n**3/3 - 19*n**2 + 24*n. Let b be p(6). Let j(h) = b*h + 5 + 8*h + 10*h - 27*h. What is j(-10)?
-5
Let p(u) = 2*u**3 + 29*u**2 - 5*u + 19. Let j(n) = n**3 + 13*n**2 - 2*n + 10. Let r(t) = 5*j(t) - 2*p(t). What is r(-5)?
62
Suppose 3*t + 3*w + 0*w = -3, 0 = -3*t - 2*w + 2. Let u(b) = 27*b**2 + 8*b + 1. Let k(o) = -o**2 - 2*o. Let x(m) = t*k(m) + u(m). Give x(1).
24
Let l(c) = 3*c - 16. Let r be l(6). Let n(k) = -3666 - k**2 + 2*k**r - k + 7334 - 3672. What is n(0)?
-4
Let c(x) be the third derivative of -3*x**4/4 + 2*x**3/3 + 904*x**2. Determine c(2).
-32
Let n(u) = u**2 + 13*u + 21. Let o(r) = -12*r - 181. Let y be o(-15). Let k be (-38)/38*(10 - y). Calculate n(k).
-1
Let o(d) = -32*d + 7. Let b(m) = 45*m - 10. Let g(t) = -5*b(t) - 7*o(t). Let j be 6/(-21) + 16/7. Let s be (-54)/12*j/(-3). Give g(s).
-2
Let o(c) be the third derivative of c**4/24 - 5*c**3/3 - 17*c**2 + 4. Calculate o(16).
6
Let y(p) = 1051*p**3 + p - 30 - 517*p**3 - 535*p**3. Calculate y(0).
-30
Let d(t) = -10 + 4174*t - 12534*t + 4167*t + 4191*t. Let g = -26 - -17. Calculate d(g).
8
Let h(q) be the first derivative of q**3/3 - 4*q**2 + 6*q - 2792. Suppose 2*l = 4*l - 4. Suppose 2*w - 2*u = l, -3 + 4 = -2*w + 3*u. Calculate h(w).
-10
Let h(g) be the third derivative of -g**4/8 + g**3 + 34699*g**2. Suppose -3*t = -r + 3, -4*r = -2*t - 27 + 5. Let j = -1 + r. Calculate h(j).
-9
Let q(c) be the second derivative of -85*c - 1/12*c**4 + 5/3*c**3 + 0 - 9/2*c**2. Determine q(4).
15
Let d(n) = 17*n**2 + 7*n**2 - n**3 - 33*n**2 + 7 - 3*n + 13*n. Let g(p) = -23*p + 151. Let t be g(7). Calculate d(t).
7
Let b(o) be the third derivative of o**5/30 - 19*o**4/12 + 49*o**3/6 + o**2 + 1356*o. Determine b(17).
-19
Let z(x) = -10*x - 2*x**2 + 0 - 2 + 15*x + x**3. Let m(b) = 89*b + 893. Let y be m(-10). Calculate z(y).
22
Suppose 534 = 2*j - 4*d + 5*d, -518 = -2*j - 5*d. Let b(w) = j*w**2 - w**3 - 3*w - 274*w**2 + 3 - 2. Give b(-4).
-3
Suppose o - 41 = -4*w, -5*o = -5*w - 138 - 67. Let f(d) = d**3 - 43*d**2 + 81*d + 35. What is f(o)?
-6
Suppose -4*v + 4*w + 20 = 0, 0 = 2*v + 4*w + 32 - 24. Let o be (-200)/(-16)*4/5. Let c(i) = o*i**2 + 17*i - 16*i - i**3 - 4*i**v. Determine c(6).
6
Let w(b) = -5*b**3 - b - 1. Let y = 40 + -36. Let o be 3/y - (1 - (-5)/(-20)). Suppose o = -7*j - 2*j - 9. Calculate w(j).
5
Suppose -13*f + 39 - 13 = 0. Let m(h) = f*h + 0*h + 3*h - 2 + 3. Determine m(2).
11
Let c(u) = -19*u - 135. Suppose r + 40 - 3 = -5*w, -22 = 4*r - w. What is c(r)?
-2
Let l(t) = -t**3 - 17*t**2 + 2*t + 36. Let w(y) = -4*y**3 - 26*y**2 - 8*y + 7. Let k be w(-6). Determine l(k).
2
Let z(c) = 49*c**3 - 2*c**2 - 3*c + 2. Let o(a) = 2*a**3 + 24*a**2 + 54*a - 79. Let q be o(-8). What is z(q)?
46
Let c(j) = -7*j - 2. Let z(t) = -15*t - 2. Let s(f) = -9*c(f) + 4*z(f). Give s(-9).
-17
Suppose 0 = f - 3. Let g(o) = 23*o + 9. Let v(q) = 25*q + 10. Let j(n) = 12*g(n) - 11*v(n). What is j(f)?
1
Let g(v) = -v**2 - 1. Let n(q) = 8*q - 7*q**2 + 15*q + 1 - 27*q. Suppose 9*k - 2*k = -42. Let l(y) = k*g(y) + n(y). What is l(-5)?
2
Let m(v) = 34*v - 6. Let x(p) = -11*p + 2. Let a(y) = m(y) + 3*x(y). What is a(-12)?
-12
Suppose 5*t = 112 - 27. Let a = 13 - t. Let m(l) = -22*l**2 + 20 - 17 - 3*l + 21*l**2. Determine m(a).
-1
Let m(s) = -7*s + 5. Let d(b) = -b**3 + 4*b**2 - b - 2. Let a be d(4). Let k(c) = 6*c - 2. Let v(w) = a*k(w) - 5*m(w). Determine v(-6).
-7
Let b(c) = -1 + 28*c + 4 - 5. Let p be b(-2). Let v = p + 58. Let s(m) = m + 3. Give s(v).
3
Let a(k) = k + 2. Suppose 44 - 326 = 47*t. Calculate a(t).
-4
Let c(n) = 75*n**3 - 62*n**2 - 9*n - 3. Let d(p) = 37*p**3 - 37*p**2 - 5*p - 2. Let l(b) = -3*c(b) + 5*d(b). Determine l(1).
-38
Let c(w) be the second derivative of -3*w**4/4 - 2*w**3/3 - 5*w**2/2 - 2791*w. Give c(-2).
-33
Suppose -5*s + 5 = 10*b - 5*b, -11 = -b + 4*s. Let j be ((4 + -4)/b)/1. Let u(q) = 3*q + 11. Determine u(j).
11
Let h be 0 + 21/49 + 6270/21. Suppose -307*p - 32 = -h*p. Let x(y) = -2*y**2 - 6*y. Calculate x(p).
-8
Suppose -7*c = 2*z - 10*c + 19, c + 22 = -5*z. Let k(n) = n**3 + n**2 - 8*n - 12. What is k(z)?
-72
Let m(d) = -5*d**2 + 7*d + 3. Suppose -3*x - 5*r - 8 = 0, 5*x - 36*r + 38*r + 7 = 0. Let j(q) = q**2 - 2*q. Let y(a) = x*m(a) - 4*j(a). Give y(0).
-3
Let n(m) be the third derivative of m**5/30 + m**4/24 + m**3 - m**2 + 1231. Give n(-3).
21
Let m be (4/16)/(11/(-44)). Let x(j) = -2*j**3 - 8*j**2 - 5*j + 2. Determine x(m).
1
Let n(q) = -2*q**3 + 18*q**2 + 16*q + 51. Let w = -32290 + 32300. Give n(w).
11
Suppose 0 = -7*k + 15 - 15. Let v(c) = c + k*c - 65*c**2 + 0 + 66*c**2 - 1. Let x = -6 + 4. Determine v(x).
1
Let b(s) = -9*s - 1. Suppose -3*a - 56 = -y, 28*y - 30*y = 2*a - 80. Suppose y*q - 50*q - 6 = 0. Give b(q).
8
Let o = -162674 + 162673. Let h(n) be the first derivative of -29*n**2/2 - n - 1. What is h(o)?
28
Let o(c) = -c**3 + 3*c**2 - c - 2. Let d(r) be the first derivative of -3*r**2/2 - 3*r + 26. Let x be d(-2). Give o(x).
-5
Let z(g) = -g**2 - 1 + 8*g + 3 - 6. Let p(l) be the second derivative of -9*l**5/20 + l**3/2 + l**2 + 21*l. Let s be p(-1). Calculate z(s).
-4
Let j(d) = d**3 - d**2 + d + 14. Let q be 15/225 + 5/(-75). Calculate j(q).
14
Suppose -5*g - 34 = 1. Let s be g + 16 + 7 + -6. Let z(b) = -b**3 + 10*b**2 + b - 4. Give z(s).
6
Let g = -38 - -48. Suppose -g = 4*q - 34. Let v(y) = -9 + y + 7*y**2 + q + 3. What is v(1)?
8
Let v(s) be the first derivative of -2*s**2 + 6*s - 1096. Determine v(-7).
34
Let b(y) = -y**2 - 2*y + 3. Let f = 51 + -51. Let v be -1*(-3 - -4 - f). Let c be v/(-1*3/6). Calculate b(c).
-5
Let z(v) = v**3 - 11*v**2 - v + 7. Suppose 0 = -r - 2*x + 17, 8*x + 14 = r + 9*x. Let s be z(r). Let l(c) = -c**3 - 5*c**2 + 4*c - 2. What is l(s)?
-34
Let w(z) = z**3 + 9*z**2 + 8*z - 11. Let s = -23803 - -23796. Determine w(s).
31
Suppose -5*i = 5*u - 8040, 3*u + 5*i = 587 + 4227. Let n(o) = -u*o**2 + 1626*o**2 + 6*o**3 + 8 - 5*o**3 + 23*o. Calculate n(-11).
-3
Suppose n - 5 = 3*r, 5 = n + r + 4. Let z(h) = -h**3 - h**3 - 2 - 10*h**n + h**3. Suppose 0 = -3*d - f - 39, 12 = 4321*d - 4324*d + 2*f. Give z(d).
-2
Let t = -23 - -32. Suppose -4*d - 13*p + 12 = -t*p, p = -5*d + 11. Let s(k) = -2*k**2 + 3*k - 1. Give s(d).
-3
Let r = 99 - 97. Let v(g) = -g**2 - 2 - 137*g - 2*g**2 - g**3 + 3 - g**3 + 139*g. Determine v(r).
-23
Let c be (-4)/6 + (-145)/(-15). Let t(v) = 2*v**2 + 4*v - 50. Let a be t(-9). Let i(k) = 9*k**2 - a*k**3 + 5 - 2*k + k + 37*k**3 + 38*k**3. Determine i(c).
-4
Let o(c) = c**3 + 2*c**2 - 4*c - 2. Let d = 17324 + -17321. Determine o(d).
31
Let a(n) = -4*n**2 - 4*n. Let x(l) = -l**2 - l - 1. Let v(d) = -a(d) + 2*x(d). Let k = -216 + 238. Suppose -k*i - 9 = 79. What is v(i)?
22
Let k(g) = -g - 20. Let x(i) = -2*i**2 + 25*i + 66. Let v be x(15). Let s be ((-64)/12 - -6)*v. Give k(s).
-14
Let j(b) be the third derivative of b**8/10080 + b**7/630 + b**6/144 + b**5/20 + 14*b**2 - 1. Let r(w) be the third derivative of j(w). Give r(-5).
15
Let f(z) = -6. Let a(c) = -c + 1. Let s(l) = 6*a(l) + f(l). Let w be 0 - (-20)/2 - (5246/61 + -78). Calculate s(w).
-12
Let x(n) = -942*n - 3 + 308*n + 314*n + 315*n. Determine x(15).
-78
Let i(m) = 52*m**2 + 52*m**2 + 46*m**2 - 7*m - 151*m**2 + 15 - 21 + 13. Let q(t) = t**3 - 3*t**2 - 5*t - 3. Let f be q(4). Calculate i(f).
7
Let s be (-12 - -11) + 2/(36/30). Let l(f) be the second derivative of -7*f + 0 + 3*f**2 - s*f**3. Give l(5).
-14
Suppose -5*a + 3 = -m, 3*m - 31 = 28*a - 40. Let i(n) = -15*n + 8. Calculate i(m).
53
Let u(a) = a**3 - 11*a**2 - 29*a + 21. Suppose -2*j - 4*t = -58, -3*t - 5 + 3 = -2*j. Determine u(j).
-18
Let s(b) = b - 3. Let f(g) =